{"id":1166,"date":"2023-09-22T19:02:13","date_gmt":"2023-09-22T17:02:13","guid":{"rendered":"http:\/\/www.galleriaspazio6.it\/?page_id=1166"},"modified":"2026-06-02T18:45:38","modified_gmt":"2026-06-02T16:45:38","slug":"artists-2","status":"publish","type":"page","link":"https:\/\/www.galleriaspazio6.it\/index.php\/artists-2\/","title":{"rendered":"Esposizione in corso"},"content":{"rendered":"<p>[vc_row][vc_column][vc_empty_space height=&#8221;30px&#8221;][\/vc_column][\/vc_row][vc_row][vc_column][vc_column_text]Iolanda Martini: Geografia del corpo<br \/>\nGalleria Spazio 6, Verona<br \/>\n6-30 giugno 2026<br \/>\nLa mostra Geografia del corpo traccia una mappa profonda dell&#8217;essere umano: il Corpo Intero reclama il diritto<br \/>\ndi essere libero, accettato e nudo al di l\u00e0 delle norme.<br \/>\nIl fulcro di questa indagine si rivela nei dittici verticali dove l&#8217;opera si sdoppia. La parte inferiore, pi\u00f9 piccola,<br \/>\naccoglie il ritratto: ci\u00f2 che di noi \u00e8 visibile dall&#8217;esterno, la maschera o il volto che si offre allo sguardo del mondo.<br \/>\nLa tela superiore, pi\u00f9 grande, ne \u00e8 lo svelamento: \u00e8 la radiografia di ci\u00f2 che abita dentro la testa, l&#8217;esplosione<br \/>\ndell&#8217;emozione, il paesaggio mentale o psichico della persona rappresentata che deforma la materia per farsi<br \/>\ncarne e pensiero.<br \/>\nSe i dittici e i nudi lavorano sulla struttura e sul controllo della forma, la serie di acquerelli rappresenta una<br \/>\nrisposta immediata e viscerale della ricerca di Iolanda Martini. In queste opere su carta, il colore si libera da<br \/>\nqualsiasi gabbia geometrica o figurativa per farsi fluido biologico, umore interno, ormone e pura emozione.<br \/>\n\u00c8 una pittura eseguita senza filtri e senza tempo che celebra la pluralit\u00e0 dei corpi ed eleva la vulnerabilit\u00e0 o la<br \/>\nmalattia a oggetto sacro. L&#8217;acquerello cessa di essere una tecnica decorativa e diventa una testimonianza<br \/>\npoetica di pura libert\u00e0.<br \/>\nL\u2019esposizione \u00e8 dedicata a Alberto Menghini<br \/>\nStudio[\/vc_column_text][\/vc_column][\/vc_row][vc_row][vc_column][vc_gallery interval=&#8221;3&#8243; images=&#8221;1719&#8243;][\/vc_column][\/vc_row]<\/p>\n","protected":false},"excerpt":{"rendered":"<p>[vc_row][vc_column][vc_empty_space height=&#8221;30px&#8221;][\/vc_column][\/vc_row][vc_row][vc_column][vc_column_text]Iolanda Martini: Geografia del corpo Galleria Spazio 6, Verona 6-30 giugno 2026 La mostra Geografia del corpo traccia una mappa profonda dell&#8217;essere umano: il Corpo Intero reclama il diritto di essere libero, accettato e nudo al di l\u00e0 delle norme. Il fulcro di questa indagine si rivela nei dittici verticali dove l&#8217;opera si sdoppia. &hellip; <\/p>\n<p class=\"link-more\"><a href=\"https:\/\/www.galleriaspazio6.it\/index.php\/artists-2\/\" class=\"more-link\">Leggi tutto<span class=\"screen-reader-text\"> &#8220;Esposizione in corso&#8221;<\/span><\/a><\/p>\n","protected":false},"author":1,"featured_media":0,"parent":0,"menu_order":0,"comment_status":"closed","ping_status":"closed","template":"","meta":[],"_links":{"self":[{"href":"https:\/\/www.galleriaspazio6.it\/index.php\/wp-json\/wp\/v2\/pages\/1166"}],"collection":[{"href":"https:\/\/www.galleriaspazio6.it\/index.php\/wp-json\/wp\/v2\/pages"}],"about":[{"href":"https:\/\/www.galleriaspazio6.it\/index.php\/wp-json\/wp\/v2\/types\/page"}],"author":[{"embeddable":true,"href":"https:\/\/www.galleriaspazio6.it\/index.php\/wp-json\/wp\/v2\/users\/1"}],"replies":[{"embeddable":true,"href":"https:\/\/www.galleriaspazio6.it\/index.php\/wp-json\/wp\/v2\/comments?post=1166"}],"version-history":[{"count":52,"href":"https:\/\/www.galleriaspazio6.it\/index.php\/wp-json\/wp\/v2\/pages\/1166\/revisions"}],"predecessor-version":[{"id":1721,"href":"https:\/\/www.galleriaspazio6.it\/index.php\/wp-json\/wp\/v2\/pages\/1166\/revisions\/1721"}],"wp:attachment":[{"href":"https:\/\/www.galleriaspazio6.it\/index.php\/wp-json\/wp\/v2\/media?parent=1166"}],"curies":[{"name":"wp","href":"https:\/\/api.w.org\/{rel}","templated":true}]}}

<p>[vc_row][vc_column][vc_empty_space height=&#8221;30px&#8221;][/vc_column][/vc_row][vc_row][vc_column][vc_column_text]Iolanda Martini: Geografia del corpo<br />
Galleria Spazio 6, Verona<br />
6-30 giugno 2026<br />
La mostra Geografia del corpo traccia una mappa profonda dell&#8217;essere umano: il Corpo Intero reclama il diritto<br />
di essere libero, accettato e nudo al di là delle norme.<br />
Il fulcro di questa indagine si rivela nei dittici verticali dove l&#8217;opera si sdoppia. La parte inferiore, più piccola,<br />
accoglie il ritratto: ciò che di noi è visibile dall&#8217;esterno, la maschera o il volto che si offre allo sguardo del mondo.<br />
La tela superiore, più grande, ne è lo svelamento: è la radiografia di ciò che abita dentro la testa, l&#8217;esplosione<br />
dell&#8217;emozione, il paesaggio mentale o psichico della persona rappresentata che deforma la materia per farsi<br />
carne e pensiero.<br />
Se i dittici e i nudi lavorano sulla struttura e sul controllo della forma, la serie di acquerelli rappresenta una<br />
risposta immediata e viscerale della ricerca di Iolanda Martini. In queste opere su carta, il colore si libera da<br />
qualsiasi gabbia geometrica o figurativa per farsi fluido biologico, umore interno, ormone e pura emozione.<br />
È una pittura eseguita senza filtri e senza tempo che celebra la pluralità dei corpi ed eleva la vulnerabilità o la<br />
malattia a oggetto sacro. L&#8217;acquerello cessa di essere una tecnica decorativa e diventa una testimonianza<br />
poetica di pura libertà.<br />
L’esposizione è dedicata a Alberto Menghini<br />
Studio[/vc_column_text][/vc_column][/vc_row][vc_row][vc_column][vc_gallery interval=&#8221;3&#8243; images=&#8221;1719&#8243;][/vc_column][/vc_row]</p>

<p>[vc_row][vc_column][vc_empty_space height=&#8221;30px&#8221;][/vc_column][/vc_row][vc_row][vc_column][vc_column_text]Iolanda Martini: Geografia del corpo Galleria Spazio 6, Verona 6-30 giugno 2026 La mostra Geografia del corpo traccia una mappa profonda dell&#8217;essere umano: il Corpo Intero reclama il diritto di essere libero, accettato e nudo al di là delle norme. Il fulcro di questa indagine si rivela nei dittici verticali dove l&#8217;opera si sdoppia. &hellip; </p>
<p class="link-more"><a href="https://www.galleriaspazio6.it/index.php/artists-2/" class="more-link">Leggi tutto<span class="screen-reader-text"> &#8220;Esposizione in corso&#8221;</span></a></p>
